{"id":1503,"date":"2025-08-24T20:27:32","date_gmt":"2025-08-24T19:27:32","guid":{"rendered":"https:\/\/strojiravne.com\/?page_id=1503"},"modified":"2025-08-24T20:27:54","modified_gmt":"2025-08-24T19:27:54","slug":"o-spletni-strani","status":"publish","type":"page","link":"https:\/\/strojiravne.com\/index.php\/o-spletni-strani\/","title":{"rendered":"O spletni strani"},"content":{"rendered":"<div class=\"fusion-fullwidth fullwidth-box fusion-builder-row-1 fusion-flex-container has-pattern-background has-mask-background nonhundred-percent-fullwidth non-hundred-percent-height-scrolling\" style=\"--awb-border-radius-top-left:0px;--awb-border-radius-top-right:0px;--awb-border-radius-bottom-right:0px;--awb-border-radius-bottom-left:0px;--awb-flex-wrap:wrap;\" ><div class=\"fusion-builder-row fusion-row fusion-flex-align-items-flex-start fusion-flex-content-wrap\" style=\"max-width:1216.8px;margin-left: calc(-4% \/ 2 );margin-right: calc(-4% \/ 2 );\"><div class=\"fusion-layout-column fusion_builder_column fusion-builder-column-0 fusion_builder_column_1_1 1_1 fusion-flex-column\" style=\"--awb-bg-size:cover;--awb-width-large:100%;--awb-margin-top-large:0px;--awb-spacing-right-large:1.92%;--awb-margin-bottom-large:0px;--awb-spacing-left-large:1.92%;--awb-width-medium:100%;--awb-order-medium:0;--awb-spacing-right-medium:1.92%;--awb-spacing-left-medium:1.92%;--awb-width-small:100%;--awb-order-small:0;--awb-spacing-right-small:1.92%;--awb-spacing-left-small:1.92%;\"><div class=\"fusion-column-wrapper fusion-column-has-shadow fusion-flex-justify-content-flex-start fusion-content-layout-column\"><div class=\"fusion-text fusion-text-1\"><p><strong>Podatki in vsebina<\/strong><\/p>\n<p>Vsa vsebina na spletni strani je avtorsko delo ali delo na\u0161ih dobaviteljev in ni dovoljeno nikakr\u0161no kopiranje dela ali celotnega besedila s tega spletnega mesta, razen v primeru, da navedete na\u0161o spletno stran za vir, iz kje ste kopirali.<\/p>\n<p>Prav tako so vsi slovenski videoposnetki na\u0161a last in zato ni dovoljeno nikakr\u0161no spreminjanje posnetkov.<\/p>\n<p>Fotografije izdelkov so v lasti na\u0161ega podjetja ali dobaviteljev, zato je ravno tako prepovedano posredovanje ali razmno\u017eevanje brez navedbe vira.<\/p>\n<p><strong>Certifikati:<\/strong><\/p>\n<p>Spletna stran je podprta z varnostnim certifikatom.<\/p>\n<\/div><\/div><\/div><\/div><\/div>\n","protected":false},"excerpt":{"rendered":"","protected":false},"author":1,"featured_media":0,"parent":0,"menu_order":0,"comment_status":"closed","ping_status":"closed","template":"","meta":{"footnotes":""},"class_list":["post-1503","page","type-page","status-publish","hentry"],"_links":{"self":[{"href":"https:\/\/strojiravne.com\/index.php\/wp-json\/wp\/v2\/pages\/1503","targetHints":{"allow":["GET"]}}],"collection":[{"href":"https:\/\/strojiravne.com\/index.php\/wp-json\/wp\/v2\/pages"}],"about":[{"href":"https:\/\/strojiravne.com\/index.php\/wp-json\/wp\/v2\/types\/page"}],"author":[{"embeddable":true,"href":"https:\/\/strojiravne.com\/index.php\/wp-json\/wp\/v2\/users\/1"}],"replies":[{"embeddable":true,"href":"https:\/\/strojiravne.com\/index.php\/wp-json\/wp\/v2\/comments?post=1503"}],"version-history":[{"count":2,"href":"https:\/\/strojiravne.com\/index.php\/wp-json\/wp\/v2\/pages\/1503\/revisions"}],"predecessor-version":[{"id":1505,"href":"https:\/\/strojiravne.com\/index.php\/wp-json\/wp\/v2\/pages\/1503\/revisions\/1505"}],"wp:attachment":[{"href":"https:\/\/strojiravne.com\/index.php\/wp-json\/wp\/v2\/media?parent=1503"}],"curies":[{"name":"wp","href":"https:\/\/api.w.org\/{rel}","templated":true}]}}